of 2 - (-11 - -22 - (22 - 6))?
7
Evaluate (0 - -55 - 66) + (17 - 1).
5
-11 + (11 - -10) + -9
1
Evaluate (3 - -2) + 1 + -14 + 17 + 1.
10
4 - 4 - 15 - -5 - -6
-4
26 + -20 - (-16 - -15) - (-4 - 1)
12
What is 4 + (7 - 3) + -8 + 0?
0
Calculate (28 - 39 - (-11 - 4)) + (-41 - -3).
-34
What is the value of 2 + -3 + -1 + 0 + (0 - 9)?
-11
(3 - (7 + (-5 - -4))) + -3
-6
What is the value of -29 + 8 + -2 + 10?
-13
What is 27 + -19 + (-12 - 6)?
-10
What is -11 + -5 + (18 - 6)?
-4
-11 + -14 + (28 - (3 + -1))
1
What is 3 + 10 - (29 + (17 - 38))?
5
Evaluate (-20 - -19) + 4 - (1 - (2 - -19)).
23
-1 - (-12 - -7 - 2)
6
-2 + (23 - 34 - -27)
14
What is -2 + (7 - (14 + -6)) + -4 + -1?
-8
Evaluate (-10 - -21) + (88 + -101 - (8 + 1)).
-11
What is the value of -18 + 14 + (-2 - -14)?
8
(7 + 15 + -9 + -6 - -1) + -4
4
What is -4 + 1 + (14 - 9 - 3)?
-1
Calculate (-10 - -1 - 25) + 2 + 1 + 7.
-24
What is -31 + (15 - 7 - -8)?
-15
What is the value of (-12 - -8) + -1 + -2 + 2?
-5
Evaluate (25 - 49) + 15 - (-17 + 1).
7
Evaluate -7 + (26 - (23 + -14 - (3 - -1))).
14
What is the value of -17 - ((54 - 46) + -18)?
-7
Calculate -12 - (-3 - (9 - 22) - 11).
-11
21 + -5 + -14 + 5
7
Calculate -36 - (-10 - 3 - 7).
-16
What is the value of 156 + -144 - (26 - (-1 - 1))?
-16
What is -25 - (4 + 0 + 1 + 100 + -104)?
-26
What is -9 + 8 + 0 + 13?
12
-21 + (10 - 0) - 1
-12
-8 - (15 - 15 - (-1 - 0))
-9
Calculate (28 - 11) + (-4 - (-4 + 5) - -1).
13
What is the value of (-3 - -5) + -1 + (7 - (8 + -10))?
10
Evaluate (0 - (-2 + 23)) + (18 - (0 - -13)).
-16
What is 11 + 1 + (-274 - -255)?
-7
(-34 - -24) + (2 + -12 + 0 - -7)
-13
Evaluate 14 + (8 - 10) + (9 - 19).
2
Calculate 41 + 3 + -13 - 21.
10
Calculate (5 + -10 + 12 - -7) + -3.
11
Calculate (13 - (22 - 11 - -9)) + 0.
-7
What is (2 - (-5 - -1)) + -3 + 10 + -1?
12
What is the value of -2 + (-18 - -9) + 12 + -13 + 1?
-11
What is (2 - 16) + -1 + (11 - 1)?
-5
Evaluate 19 - (19 + (-8 - 2)).
10
0 + 6 + 15 + -17
4
Calculate 155 + -162 - (-3 - (3 + 2)).
1
19 + -8 + -3 + 1
9
What is the value of 4 + -1 - (-13 + 5)?
11
What is (-13 + 21 - 12) + 4 - -13?
13
Evaluate -10 + 5 + 10 + 1 - (8 - 15).
13
What is -2 + 2 + 7 - (1 + (-4 - 2))?
12
Evaluate (38 - 30) + 1 + (2 + -34 - -3).
-20
-40 - (-1 + 12 + 8 + -34)
-25
10 + (-10 + 9 + -20 + 21 - 7)
3
2 - 5 - ((4 - (4 + -4)) + -14)
7
What is 12 + -9 + 18 - 7 - (6 + -2)?
10
43 - (23 + 6 - -1)
13
What is -9 - (-9 + -13) - (3 - (1 + -1))?
10
Calculate -17 + 1 - (66 + -76).
-6
What is -6 + 2 - (0 - (11 + -18))?
-11
What is the value of (-131 - -130) + (0 - -3)?
2
33 + (-5 - (33 - 18))
13
Evaluate -423 + 399 + 51 + 1.
28
What is -334 + 356 + (-1 - -1 - (7 + 2))?
13
What is 26 + -4 + -8 + 4 + (0 - 6)?
12
-5 + (15 - (-3 - -17)) + 11
7
Evaluate 27 + 3 + -20 - 24.
-14
What is 23 + -11 + 6 - 8?
10
Evaluate 9 + (-39 - -7) + 19.
-4
What is (32 + 3 - 82) + 58?
11
-18 + 38 + -13 + 4 + 1
12
Calculate (4 - (14 - 5)) + (2 - (-1 - 6)).
4
-11 - 0 - (-6 - (-12 - 0))
-17
-3 + 10 + 16 + -9 + -2
12
Calculate -1 - 7 - 0 - ((46 - -4) + -65).
7
What is the value of -24 + (13 - -1) - -2?
-8
Evaluate 6 + -4 - 1 - 0.
1
Evaluate -59 - -50 - (-5 - (0 - -1)).
-3
-36 + 6 + -4 + -106 + 111
-29
Calculate -1 + (2 + 8 - 2).
7
Calculate (18 - 14 - 10) + 30.
24
(-3 - 7) + -4 + 16 - (1 + 1)
0
What is the value of (-33 - (-9 - -11)) + 40 + -37?
-32
What is -18 - (-31 - (35 - 57))?
-9
15 + (-3 - -1) - 19
-6
22 - (-25 + 26) - 53
-32
What is the value of -2 + -3 + 4 - -4 - (-19 - -35)?
-13
(-14 - (-12 - (-13 + 23))) + 18 + 1
27
What is 4 + -2 + 2 - (-3 - (-5 - -15))?
17
What is (86 - 98) + -1 + -12?
-25
What is the value of (52 - 35) + -1 + -11?
5
What is -11 - (11 - 25 - -1)?
2
Calculate -14 + (-2 - (4 - 16) - 1).
-5
What is (8 - (-68 + 72)) + 1 + -7?
-2
16 + 2 + (5 - 9) + -31
-17
Evaluate (180 - 186) + 0 + -3.
-9
180 + -157 + -3 + 2 + -6
16
Evaluate -1 - (11 - (-7 + 25 - -2)).
8
What is -26 - ((-10 + 13 - 6) + -5)?
-18
What is the value of 9 + (-4 + 10 - (0 + 2))?
13
Evaluate 6 + (-7 - (-17 + 6)).
10
What is the value of 402 + -410 + 2 + 0?
-6
(-20 - 2) + (24 + -7 - 8)
-13
3 + 1 - (15 + 15 + -30)
4
Evaluate -41 + (9 - (-1 + 19)) + 13 + 1.
-36
What is the value of -2 - (-1 - 0) - (599 - 585)?
-15
What is the value of 7 - 6 - (1 - (1 - -8))?
9
Calculate (1 - -9) + -5 - (-2 + 15 - 5).
-3
Evaluate (-2 - 27) + -1 - (-92 - (-35 + -63)).
-36
What is the value of 583 - 589 - (-4 - -2 - (0 + -20))?
-24
-17 - (7 + -23 + 7) - (2 - 9)
-1
13 + 4 - 27 - 2
-12
(-9 - (1 + -2)) + 37 + -6
23
Evaluate -1 - (1 - (-19 + 5) - 5).
-11
What is the value of -12 - 6 - ((10 - 5 - 6) + -2)?
-15
(2 - (3 + -6 + 0)) + (12 - 3)
14
2 + (-5 - (32 - (-11 + 13)))
-33
What is 25 + (-29 + 48 - 7)?
37
What is 9 + (-161 - -136) + (1 - -6)?
-9
What is 5 + 0 - (-18 - -23)?
0
Calculate -8 - -1 - ((-1 - 0) + 0).
-6
Evaluate -2 - 5 - (27 + -14 - 16).
-4
-40 + (23 - 3) + -5 - -3
-22
Evaluate -42 + (8 - (-6 + 2 + -5)).
-25
What is 2 + 6 + (-4 - -6) + (-12 - 4)?
-6
Evaluate -14 - (-2 + 0) - (-81 + 6 + 67).
-4
-27 - -25 - -7 - (0 + 9)
-4
(-26 - (5 + 1 + 3 - 4)) + 3
-28
Evaluate (-2 - 11) + 31 - 10.
8
What is -54 - -45 - ((-2 + 2 - -3) + 3)?
-15
What is -18 - ((-6 - 19) + -6)?
13
Evaluate 6 + 4 + 7 - 9.
8
(40 - 35 - 1) + 23
27
What is the value of (8 - 3) + (-27 - (29 - 17))?
-34
Evaluate (-4 - (10 + -20 - -3)) + 9.
12
2 - (-3 + 7 + -3)
1
What is 5 + 3 + -2 + -2 - 13?
-9
Evaluate (9 - 14) + (-4 - (-5 + -6)).
2
Evaluate (16 - 0) + -1572 + 1531.
-25
Calculate 3 + 4 + 3 + (11 - (9 - 0)).
12
What is (518 - 530) + (0 - 6)?
-18
7 + 4 + (-9 - -5) + 12 + 8
27
What is the value of -9 + (45 - 24 - (8 + -1))?
5
Calculate (-7 + -1 - (1 + -3)) + 723 + -726.
-9
Calculate -1 + (3 - -5) + -6 + -3 + 2.
0
What is -11 + (-3 - -19) + 10?
15
Calculate (19 - -1) + ((-5 - 1) + 2 - 1).
15
12 - (-140 + 184 + (2 - 14))
-20
What is 5 - (21 - (0 - (-9 - (4 - 9))))?
-12
-2 + (-8 + -2 + 10 - 6 - 4)
-12
8 - 20 - (-4 + -11)
3
What is 3 + 4 + (10 - -10) + -27?
0
What is the value of (18 + -36 - -7) + 11?
0
4 + (20 - 14) + -4 + -2 - -2
6
What is the value of (-4 + 4 + 3 - 6) + -11?
-14
What is -2 + (-14 + (1 - -1) - -9)?
-5
What is 1 + (5 - (1 + -8)) + -7?
6
Calculate -8 - (31 + -13 + -39).
13
What is 8 + -2 + (-1 - 0)?
5
What is the value of (0 + -10 - (-168 - -158)) + -7?
-7
What is 27 + -9 - (-3 + 0 + (4 - -6))?
11
What is the value of (-1 - 0 - -10) + (12 - -6 - 15)?
12
Calculate (4 - 2) + (-179 - -145).
-32
What is -7 - ((-5 - -13) + (-1 - 1) - -1)?
-14
Calculate -1 + 14 + (17 + 22 - 52).
0
What is the value of 0 + (-22 - -2 - (13 + -18)) + 1?
-14
What is the value of -52 + 42 + (-11 - -21)?
0
What is 0 + -5 + 4 - (43 - 35)?
-9
What is the value of 6 - (0 + 5 - -5 - (-1 + 0))?
-5
Evaluate -18 - -16 - (3 - 2) - -7.
4
Calculate -6 + 3 - (-10 + 10 + 10).
-13
Calculate (110 + -107 - (1 + 8)) + (-12 - -5).
-13
-41 - (-34 + (4 - -6) + 10)
-27
1 + -27 - -21 - (13 - 4)
-14
(-17 - -1) + (92 - 79)
-3
Calculate (0 - -8) + 143 + -140 + -8.
3
What is -66 + 86 + -9 + (-1 - -4)?
14
What is the value of (-14 - (-15 + 2)) + -18?
-19
Evaluate 44 + -4 + (-2 - 2) + -3.
33
Evaluate (-16 - -4) + (-70 + 31 - (-17 + 3)).
-37
Calculate -3 - (36 - (29 - -35)).
25
Evaluate (-58 - -57) + (10 - 30).
-21
Evaluate 12 + -11 + 9 - (1 + -11).
20
What is 39 + (33 - 35) + -18?
19
-19 - (2 + -2 + -4 - (40 - 44))
-19
What is the value of 5 + 2 + -34 + 30 + 0 + -1?
2
Evaluate (-16 - (8 - 35)) + -15 + 1.
-3
Evaluate 8 - ((86 - 72) + -7 + 0).
1
Evaluate -1 + -1 - (93 + -111).
16
What is the value of (37 - 61 - -33) + -29?
-20
(6 + 2 - -8) + -11
5
What is (-10 - (-9 - 1)) + (-4 - (4 + -17))?
9
Evaluate -8 - (14 + -12 - 8) - 8.
-10
Evaluate -17 + (-14 + 39 - -10).
18
What is 21 - (13 - (-9 + 13) - 2)?
14
Evaluate -10 + 1 + 6 + -2 - -19 - 2.
12
What is -3 - (-8 - -11 - 25)?
19
Calculate (-6 - -4) + (-2 - 9) + 7 + -11.
-17
Calculate -5 - (-1 + -2) - 3 - 2.
-7
Evaluate (317 - 331) + 1 + -2.
-15
What is the value of 28 - (-69 + 88 - (-1 + 27))?
35
-4 + (1 - (9 - -1) - -7)
-6
What is the value of (2 + -8 + 3 - 0) + 15?
12
-1 - 19 - (-390 - -369)
1
5 + 2 + -1 - (283 - 275)
-2
Calculate (8 - (-3 - -5 - -2)) + -39 + 31.
-4
What is 3 + (-10 - 0) + (-32 - -51) - 10?
2
What is the value of 3 - (19 - 2) - -3?
-11
What is (5 - (27 + -8)) + 155 + -140?
1
What is 100 + -81 + -30 + -11 + 8?